 + 213 + 474 = 0. What is the remainder when i is divided by 26?
21
Let k(u) = 10*u - 15. What is the remainder when k(5) is divided by (-3)/(-2)*((-124)/(-12) + -1)?
7
Let j be 49 - 0 - 3 - 1. Suppose 6*x = x + j. What is the remainder when 23 is divided by x?
5
Suppose -37 = -q - 3*o, 0 = 5*q - 2*o - 0*o - 185. Suppose -10*s - 3 + 123 = 0. What is the remainder when q is divided by s?
1
Let h be (-8)/10*(-50)/4. Let f = h + -6. Suppose -75 = -f*w + 33. What is the remainder when w is divided by 10?
7
Let m be 799/(-153) - 2/(-9). Let f = m + 28. What is the remainder when 90 is divided by f?
21
Let v(q) be the third derivative of q**4/24 - 8*q**2. What is the remainder when 41 is divided by v(23)?
18
Let g = 119 + -80. Let l = -22 + g. Calculate the remainder when 27 is divided by l.
10
Let z = 124 + -111. Let m = 10 - 3. Calculate the remainder when z is divided by m.
6
Let j = 8 - 10. Let y be (-3)/(j/8*3). Suppose y*u - u + 3*r = -6, 0 = -3*u + 4*r + 29. Calculate the remainder when 5 is divided by u.
2
Calculate the remainder when 94 is divided by ((-210)/14)/((-10)/4).
4
Suppose -9*w = -5*w - 244. Suppose z + 89 = 6*z + 3*u, -3*z + w = -2*u. Let f = -18 - -26. Calculate the remainder when z is divided by f.
3
Suppose 4974 = 8*x - 2*x. Suppose 0 = 9*s + 226 - x. Calculate the remainder when s is divided by 17.
16
Calculate the remainder when (-1 - -25) + 162/(-81) is divided by 6.
4
Suppose -62*g - 49 = -64*g - 3*j, -g = 3*j - 32. Suppose 5*o = c - 5*c + 13, -21 = 2*c - 3*o. Calculate the remainder when g is divided by (-1 - 0)*(c + -2).
2
Suppose -5*j + 4*k - 81 = -594, -2*j + 3*k = -201. Suppose 10*i - 7*i = j. What is the remainder when i is divided by 12?
11
What is the remainder when 12348/42*5/6 is divided by 65?
50
Let v(g) = g - 1. Let q(l) = 3*l - 27. Let p(s) = -q(s) + 2*v(s). Calculate the remainder when 67 is divided by p(8).
16
Suppose 3*x + 2*x = 160. Suppose -2*t + 4*t - x = 0. Suppose d = -h + t - 3, -3*d = h - 39. Calculate the remainder when d is divided by 7.
6
Suppose 5*p - 199 = 61. Calculate the remainder when 155 is divided by p.
51
Suppose 0 = 4*r - 20, 2*r - 16 = 5*s - 46. Let i = -34 + 56. Let u = i - s. What is the remainder when 24 is divided by u?
10
Let r(q) = q**2 - 9*q + 9. Let p be r(6). Let h = p - -10. Calculate the remainder when 17 is divided by h*((-80)/2)/(-4).
7
Let w = 43 + -42. Calculate the remainder when 4 - -18 - w/1 is divided by 14.
7
Suppose -j - 4 = 0, 3*p + 2*p - 4*j - 216 = 0. Let o = 124 - p. Calculate the remainder when o is divided by 44.
40
Let m be (-58)/(-1 - 1) - 3. Let t = -52 + m. Calculate the remainder when 6/(-39) - 238/t is divided by 4.
1
Suppose -3*z + 6 = -6. Let h(j) = 3*j**2 - j - 3. Suppose 0 = -4*q + 3*r + 53, q + 2*r - 58 = -3*q. Calculate the remainder when h(z) is divided by q.
13
Let n(o) = o**3 - 5*o**2 + 6*o - 6. Suppose 6*z - 2*z - 56 = -4*h, 5*h = 3*z + 78. Let s = 20 - h. What is the remainder when s is divided by n(4)?
1
Calculate the remainder when 84 is divided by 2*(-1)/(71/(-23) - -3).
15
Suppose 2*m - 772 = -0*m. Suppose 3*g = 2*z - 807, 5*g + 1270 = 5*z - 75. Let x = g + m. Calculate the remainder when x is divided by 30.
27
Suppose -3*q - 30 = -8*q - 5*o, -3*q = -4*o - 4. Suppose 3*m - 46 = -5*k, -q*m - 32 = 3*k - 86. What is the remainder when 167 is divided by m?
11
Suppose 13 = o - 16. Suppose 4*y = 9*y - 10. Suppose 0*r - 168 = -y*r. Calculate the remainder when r is divided by o.
26
Calculate the remainder when (-8 - -9)/((-5 - -2)/(-1473)) is divided by 29.
27
Let q = 45 + -5. Suppose -l - q = -5*l. What is the remainder when -5*26*(-3)/15 is divided by l?
6
Suppose 6*m = 29 + 13. Suppose 3*j + 22 = 4*c, 0 = -5*c + 5*j + 23 + m. Suppose n - c = 11. Calculate the remainder when n is divided by 9.
6
Let l(y) = -y + 8. Let n = -26 + 34. Let k be l(n). Suppose 3*o - 40 + 1 = k. What is the remainder when 49 is divided by o?
10
Let m(n) = -3*n**2 - 19*n - 10. What is the remainder when 88 is divided by m(-5)?
8
Calculate the remainder when 145 is divided by (14/(-6))/(4/(-36)).
19
Let w be (1*-7)/(205/(-40) - -5). Calculate the remainder when (2 + 28/(-8))/((-4)/w) is divided by 12.
9
Suppose 0 = -0*m - 3*m - 1422. Calculate the remainder when 4/(-14) - m/42 is divided by 7.
4
Let d(l) = -l**3 - 3*l**2 + 10*l + 2. Let x be d(-5). Suppose 18 = w + x. What is the remainder when 54 is divided by w?
6
Suppose -4*w + y + 271 = -4*y, -2*y = -4*w + 286. Let d = w - 58. Calculate the remainder when 47 is divided by d.
15
Let d = -37 - -42. Suppose -4*g = -16, d*p = 5*g - 33 + 143. Calculate the remainder when 98 is divided by p.
20
Suppose 18*w - 574 = 20. Calculate the remainder when 62 is divided by w.
29
Let z(r) be the third derivative of r**5/60 + r**4/4 + 2*r**3/3 - 8*r**2. What is the remainder when 6 is divided by z(-6)?
2
Let l = -36 + 66. Let s = l + -23. Calculate the remainder when s is divided by 2.
1
Suppose 7*v = -0*v + 448. Suppose 12*q - v = 56. Suppose 3*g - 92 = -2*p + 21, 2*p - 152 = -4*g. What is the remainder when g is divided by q?
9
Let r = -137 - -213. What is the remainder when r is divided by 12?
4
Suppose 2*j = -5*o + 230 + 46, -3*o = j - 166. Calculate the remainder when o is divided by 10.
6
Suppose 2*x - 150 - 16 = 0. Let l = -8 + 8. Suppose l*k = 2*k + 3*q - 44, 4 = -q. What is the remainder when x is divided by k?
27
Let d(h) = 10*h**2 + 3 + 2*h**2 + 2*h**2 - 13*h**2 - h. What is the remainder when 10 is divided by d(0)?
1
What is the remainder when -32*(-2)/(-5)*(-5)/4 is divided by 6?
4
Suppose 2*k + 338 = -2*j + 7*j, 274 = 4*j + 2*k. Suppose -6*u = 3*v - 9*u - 39, -2*v - 4*u = -32. Calculate the remainder when j is divided by v.
12
Let g(j) = -11*j + 71. What is the remainder when g(-4) is divided by 3*-1*(-1 + -7)?
19
Let i = -4 - -34. Let n = i + -8. What is the remainder when 85 is divided by n?
19
Let k(i) = i**2 + 4*i - 17. Let a be -4*(1/4 + 2). Calculate the remainder when k(a) is divided by 15.
13
Let h be (-1)/4 - 143/4. Calculate the remainder when 68 is divided by (-9)/(h/8) + 33.
33
Let z be 20/(-5) + (-1 - -1). Let u be 4/12 - z/(-3). Calculate the remainder when 10 is divided by 5*(36/20 + u).
2
Suppose j + 0*w = -3*w + 108, -3*w = 2*j - 204. Suppose c - 4*c - j = 0. Let s = -11 - c. What is the remainder when 41 is divided by s?
20
Let b(a) = -30*a + 15. Let l be b(-8). Suppose 1267 = 5*y + w + w, -2*w + l = y. What is the remainder when y is divided by 64?
61
Let a = -40 - -45. Suppose a*j = 3*j + 12. Calculate the remainder when j is divided by 6.
0
Let q(z) = -2*z - 7. Let g = -211 + 216. Calculate the remainder when q(-15) is divided by g.
3
Let t = 434 - 413. What is the remainder when 188 is divided by t?
20
Suppose 5*l = -3*g + 37, -5*g + 2*l = -22 - 19. Let u(w) = -w**3 + 8*w**2 + 11*w - 10. What is the remainder when 14 is divided by u(g)?
6
Calculate the remainder when 327 is divided by 198/(-2)*(-152)/228.
63
Let i(f) = 2*f - 3. Suppose 3*d = -9, 2*d - 9 = 5*p + 5*d. Suppose p*m + 2 = 2*m. Calculate the remainder when i(2) is divided by m.
0
Suppose -3*k + 9*r - 2581 = 8*r, 1725 = -2*k + 5*r. Calculate the remainder when 168 is divided by (k/(-28) - -3) + 6/21.
32
Let g be 5 - (36/4)/3. Suppose 4*r = 5*m - 146, -m + r + g*r = -27. Calculate the remainder when m is divided by 16.
14
Suppose -5*w - 10 = 5, 2*v + 8 = -4*w. Suppose -5*p - a + 232 = 4, v*a = -4. Calculate the remainder when p is divided by 12.
10
Let l(w) = w**3 - 6*w**2 + 3*w - 1. What is the remainder when l(6) is divided by ((-4)/(-2))/(2 + (-64)/36)?
8
Calculate the remainder when 268 is divided by (1 - (-4)/20)/((-6)/(-45)).
7
Suppose 0 = -4*x + 8 + 16. Let w(b) = 2*b**2 - 13*b + 28. Calculate the remainder when w(7) is divided by 2312/119 - x/14.
16
Let c = -374 - -378. What is the remainder when -5*(0/1 - 3) is divided by c?
3
Suppose -116 - 406 = -18*s. Calculate the remainder when 82 is divided by s.
24
Suppose -3*l + 1216 = -1682. Calculate the remainder when l is divided by 19.
16
Suppose -x + 40 = 3*q, 0 = x - 3*q - 44 - 20. Suppose -2*o - 5*b + 47 = 0, -2*o + 0*o - 4*b + x = 0. Calculate the remainder when o is divided by 13.
10
Suppose 5*h + 0*h = 15. Calculate the remainder when 144 is divided by 58*(h - 25/10).
28
